.
6
Suppose 0 = -m + 4. Suppose -m*j - l = -88, 2*j + l + 0*l = 46. What is the greatest common factor of 21 and j?
21
Let h be (-1062)/(-15) + ((-68)/10 - -6). Calculate the highest common divisor of h and 42.
14
Let j be (6/8)/((-2)/(-8)). Let h = 28 - j. Calculate the highest common divisor of 10 and h.
5
Suppose 124 = 6*i - 80. Calculate the highest common factor of 170 and i.
34
Suppose 9*t - 30 = 4*t. Let z(i) = i**2 - 14*i - 12. Let q be z(15). Calculate the highest common factor of t and q.
3
Let l = 95 - 79. Let b be -6*(0 - 2/3). What is the highest common factor of l and b?
4
Suppose 2*n + 134 = 2*y, 4*y + 4*n - 309 + 65 = 0. Let o be ((-17)/(-2) + 0)*4. Let d = -18 + o. Calculate the greatest common divisor of y and d.
16
Let a = 37 + -35. What is the highest common factor of 4 and a?
2
Let v be 7 - 10 - 26*(-2)/4. Suppose 0 = 6*n - 2*n - 608. Suppose -n = -5*z + u, 3*z + 2*u - 146 = -2*z. Calculate the greatest common factor of z and v.
10
Suppose -3*s = -f - 28 + 11, 3*s - 37 = -4*f. Suppose -18 = -s*y + 6*y. What is the greatest common divisor of 9 and y?
9
Let p(d) = d**3 + d**2 + 0*d - 2 + 1 - 3*d**2 - d. Let m be p(3). Let t be m/2 + 6/(-12). What is the greatest common divisor of 10 and t?
2
Let n be (-6)/(-4)*16/6. Let j = -3 + 13. Let k be (8/j)/(n/490). What is the highest common divisor of k and 14?
14
Suppose 0 = 3*t - 4*h + 97, 3*t - 5*h - 115 = 6*t. Let m = t + 63. Let w = -17 + m. Calculate the greatest common divisor of w and 55.
11
Suppose 4*d = 2*g - 20, 6*d + 44 = 5*g + 2*d. Suppose 0*p = p - 4. Calculate the greatest common factor of p and g.
4
Let n = 20 - 13. What is the greatest common divisor of 14 and n?
7
Suppose 0 = -h - 0 + 1. Let z = -2 - -3. Let b = z + h. Calculate the greatest common divisor of b and 3.
1
Suppose -4*n + 229 - 85 = 0. Let m be (-5)/(1/(-3 - -1)). Let z = n - m. What is the highest common factor of 39 and z?
13
Let i be 33/4 - 1/4. Let r(m) = -9*m - 3. Let a(f) = 18*f + 5. Let n(x) = 4*a(x) + 7*r(x). Let o be n(1). Calculate the highest common factor of o and i.
8
Let m = 541 + -365. Let u = -11 - -17. Suppose 70 - u = 4*o. What is the greatest common divisor of o and m?
16
Let t = 12 + -30. Let y = t - -130. Calculate the highest common divisor of y and 16.
16
Suppose -4*u + 7 = -9. Let y be (-42)/((-3)/(6/u)). What is the greatest common factor of 7 and y?
7
Let x be 12/18 + (-3)/(-9). What is the greatest common factor of 1 and x?
1
Let j be (3 + 0)*(-20)/(-3). Let k be (-12)/(-10)*5/(-1). Let d be (k/4)/(15/(-200)). What is the greatest common divisor of j and d?
20
Suppose -5*f + 11 = -4. Calculate the greatest common divisor of 12 and f.
3
Let i(y) = -9*y - 38. Let j be i(-12). Calculate the highest common divisor of 10 and j.
10
Let o(f) = 4 + 6*f**2 - 2*f**2 - 2*f**2 + 2*f**3 + f**2 - 5*f. Let k be o(4). Suppose -2*p = -0*p - k. What is the greatest common divisor of 20 and p?
20
Suppose 4*k = -g + 140, 507 = 5*g + k - 174. Let s = -9 + 26. Calculate the greatest common divisor of s and g.
17
Suppose 5*y = -2*m + 19, 4*m + 2*y = 7 + 7. What is the greatest common divisor of m and 46?
2
Let a(l) = 7*l + 2. Let j be a(3). Suppose -4*w - 19 = -4*o + 9, 5*o = w + 47. Let t = j - o. What is the highest common divisor of 65 and t?
13
Suppose -4*u - 3 = 5*w + 5, -4*u - 2*w = -4. Suppose 2*a - u*a + 11 = 0. Calculate the greatest common divisor of 99 and a.
11
Let h be ((-4)/14)/((-30)/1050). Let z = -15 + 35. What is the greatest common divisor of z and h?
10
Let a = -4 - -10. Suppose -3*b = -1 - 11. What is the highest common factor of b and a?
2
Suppose 95 = 15*l - 10*l. Calculate the greatest common factor of l and 152.
19
Suppose 4*w = 4 + 20. Suppose 0 = k - 4*k + w. Let z be 2/4 - (-210)/12. What is the highest common divisor of z and k?
2
Suppose -4*u + 3*p + 105 = 0, -5*u - 89 + 226 = 2*p. Let v be ((-54)/(-8))/((-1)/(-20)). What is the greatest common divisor of v and u?
27
Let z(w) be the first derivative of -w**3/3 + 11*w + 2. Let k = -6 - -6. Let i be z(k). What is the greatest common divisor of 77 and i?
11
Suppose 0 = -g - 2 - 1. Let b = g - -6. Suppose -2*n - 89 = o - 4*o, -5*o + 180 = 3*n. Calculate the greatest common factor of o and b.
3
Let h = 0 - -6. Let i be (-45)/h*4/(-5). Calculate the highest common divisor of i and 42.
6
Suppose 0 = -11*u + 9*u + 32. What is the greatest common divisor of 4 and u?
4
Let m = 14 + -7. What is the highest common factor of 28 and m?
7
Suppose -4*r = -89 + 9. Suppose 0 = -3*q + 2*v + 8, v + 0 - 1 = -q. Let d(a) = 3*a**2 - 2. Let s be d(q). What is the highest common divisor of s and r?
10
Let d be ((-3)/(-3))/1*29. What is the highest common factor of d and 58?
29
Suppose 3*i - 6 = i. Suppose 0 = -z - i*z + 288. What is the highest common factor of z and 8?
8
Let t be (3/12*0)/3. Suppose -5*j + 46 = 2*n, t = j + 3 - 5. What is the highest common divisor of 2 and n?
2
Suppose 2*m + 4 = 3*m. Let k be 2 - (3 - 2 - 189). Suppose -5*o + k = 50. What is the highest common divisor of o and m?
4
Let f = 14 + -10. Suppose f*c - 8 = -3*p, 0 = 2*c - c - 2. Suppose -3*g - y = -2*g - 13, p = 2*g + 4*y - 30. What is the greatest common factor of g and 88?
11
Let w be 4 - -36*8/(-12). Let m be (-8)/w + (-176)/(-10). What is the greatest common divisor of m and 6?
6
Suppose l + 172 + 2 = 0. Let h be l/(-2) - 27/9. Calculate the highest common factor of 12 and h.
12
Let y be 561 + (2 + 1)/(-3). Suppose 3*a - y = -a. Suppose 4*w - 3*w + 5*m = 46, 4*w - a = 2*m. What is the highest common divisor of 24 and w?
12
Let o(u) = -2*u. Let w be o(-1). Suppose 4*g - w*g = 10. What is the highest common divisor of 40 and g?
5
Let z(a) = 2*a**2 - 6*a + 1. Let i be z(4). Suppose -36 + 144 = 3*t. Suppose -3*w = w - t. Calculate the highest common divisor of i and w.
9
Let j = -122 - -219. Let a = j + -12. Suppose 3*c - 83 = -32. Calculate the highest common factor of c and a.
17
Suppose 5*w = j - 130, -2*j = 2*j - 2*w - 520. Let y = 47 + -34. Calculate the highest common factor of y and j.
13
Let i be ((-1)/(-2))/(-1)*-120. Calculate the greatest common factor of i and 90.
30
Suppose 0 = -2*t + 43 - 3. Suppose 5*b = 4*v + 70, 0 = 2*b - 4*v - 6 - 34. What is the greatest common divisor of t and b?
10
Let j(z) = -z**2 - 6*z - 3. Let m be j(-4). Suppose 3 = -n + m*v + 1, -5*v - 7 = -4*n. Calculate the greatest common divisor of n and 9.
3
Suppose -3*r = 2*m + 6 + 5, 5*m - 5*r = 35. What is the highest common divisor of m and 10?
2
Let m = 1 + 1. Suppose 0*u = m*u. Let q be (u - -12) + (-1)/(-1). What is the greatest common factor of 65 and q?
13
Suppose 0 = 5*c - 75 + 15. Suppose -g - 2*g = -c. Let w be 2/g + 295/10. Calculate the highest common divisor of w and 75.
15
Suppose 0 = 5*k - 9*k + 16. Suppose -k*g - 76 = -5*i, -2*i - 5*g = -3*g - 34. What is the highest common divisor of i and 16?
16
Let h be 2/2 + (-78)/(-3). Suppose u = 12 + 2. Let k = h - u. What is the greatest common factor of k and 91?
13
Let f = 18 + 79. Let i = 185 - f. What is the highest common factor of i and 11?
11
Suppose 50 - 2 = 3*f. Let u be 1*4 - (-4)/2. Suppose -o + u*o - 320 = 0. What is the greatest common divisor of o and f?
16
Let w(x) = 231*x**2. Let g be w(1). What is the highest common divisor of g and 21?
21
Suppose 0 = -4*j - 15 - 49. Let v = 4 - j. What is the highest common factor of 8 and v?
4
Let d be -3 - 3 - (-74 - 0). Calculate the highest common divisor of d and 17.
17
Suppose -162 = -3*d - 0*d - 4*r, -4*d + 216 = 3*r. What is the highest common factor of d and 18?
18
Let w be 5 - 2*1/(-2). Suppose -16 = -2*v - w. Suppose 5*p + v*r = 262 - 87, -p + 15 = -3*r. Calculate the highest common factor of 3 and p.
3
Suppose -4*f - 3*h = -11 + 1, 2*h = -4*f + 12. Suppose -5*t = f - 59. What is the greatest common divisor of 22 and t?
11
Suppose 12 = -4*o, 2*o + 255 = 5*u - 3*o. Calculate the highest common divisor of u and 12.
12
Let b = -8 - -11. Suppose -u = -b, 3*w + u = -25 + 364. What is the highest common factor of 14 and w?
14
Let k(n) = 9 - n**3 + n**2 + 5 + 0*n**2 - n + 10. Let v be k(0). Calculate the greatest common factor of 8 and v.
8
Let o(s) = 13*s**2 - 28*s - 4. Let l(a) = 3*a**2 - 7*a - 1. Let b(k) = 9*l(k) - 2*o(k). Let t be b(9). What is the highest com